, 23
Let j(t) = 7*t**2 + 16*t + 58. Let i be j(-4). Suppose i = -2*q + 760. What are the prime factors of q?
3, 109
Let b = -355 - -385. Let l = 197 + b. List the prime factors of l.
227
Let f be ((-12)/10)/((-12)/(-40)) - -4. Suppose f = -j - 3*j - 12. What are the prime factors of j/9*-1 - 464/(-3)?
5, 31
List the prime factors of (23268/(-9))/((-8)/(-324)*-3).
2, 3, 7, 277
Let h be ((-120)/(-300))/(2/30). What are the prime factors of (-6 - h)/((12/(-5))/6)?
2, 3, 5
Let h = -31 - -43. Let o(q) = -120*q + 25. Let f be o(-1). Suppose -757 = -h*p - f. What are the prime factors of p?
3, 17
Let k be (1 + 26)*(5 - 0). Suppose 2*d = -10, -k = -3*r + d + 212. What are the prime factors of r?
2, 3, 19
Let d(c) = -c**3 - 5*c**2 + 8*c + 9. Let l(q) = q**2 + 4*q - 1. Let z be l(-2). Let j be d(z). List the prime factors of (-1 + 1 + j)/((-6)/12).
2, 31
Let y = -27 + 31. Suppose -b = -3*b + y. Suppose 3*c - 137 = -5*r - 1, -c = -b. List the prime factors of r.
2, 13
Let m be 12/8 - 10/(-4). Suppose m*p - 3*p = 8. Suppose -p*l + 1859 = 3*l. What are the prime factors of l?
13
Let c = 32 - -29. Let d = 64 - c. Suppose 43 = f + d. List the prime factors of f.
2, 5
Suppose -30*b = -29*b + 354. Let d = 649 + b. What are the prime factors of d?
5, 59
Let u be (-1062)/27 - (-5)/15. What are the prime factors of ((-26700)/(-9))/4 + 26/u?
3, 13, 19
Let u(d) = -13*d - 43. Let j be u(-10). Let k = 87 + j. List the prime factors of k.
2, 3, 29
Let d be ((-392)/18 - -4) + (-6)/27. Let q(c) = -c**2 - 25*c - 12. What are the prime factors of q(d)?
2, 3, 19
Suppose -6*u + 19936 = 2*u. Let m = u - 1723. Suppose -8*c + 631 = -m. List the prime factors of c.
5, 7
Let y(l) = 60*l + 3743. List the prime factors of y(24).
71, 73
Let d be (-146)/8 - 1*(-5)/20. What are the prime factors of -63*(-22)/d*-3?
3, 7, 11
Let t = -28095 + 79103. What are the prime factors of t?
2, 797
Let t = -23 + 769. Let w be (-7)/35*5/(-2)*t. Suppose 2*n + 2*u - w = u, 2*n = 2*u + 382. What are the prime factors of n?
2, 47
Suppose -12*j + 17*j - 139933 = -4*r, j + 69977 = 2*r. What are the prime factors of r?
59, 593
Let f = 994 + -1825. Let m = f - -1178. List the prime factors of m.
347
Let b = -24257 - -38334. What are the prime factors of b?
7, 2011
Suppose 3*o + 198 = 3*y - 0*o, 2*y - o - 127 = 0. Suppose 0 = 56*u - y*u + 35. List the prime factors of u.
7
Suppose -2*k + 8 = -2*b, -2*b = 3*k - 0 - 7. Let s be ((-4)/2)/((8 - k) + -3). What are the prime factors of (78 + -76)/(2*s/(-64))?
2
Let i = 2093 - 1227. Suppose i + 58 = 6*n. What are the prime factors of n?
2, 7, 11
Suppose 16 + 56 = 9*f. Suppose s - 4*p - 52 = -s, f = s + 4*p. What are the prime factors of s?
2, 5
Suppose 2*j + v - 15 = 36, -j - 5*v + 30 = 0. Suppose -2*b - 4*x + 45 = -b, -5*x = -j. Let y = 83 + b. List the prime factors of y.
2, 3
Let t(i) = 4*i**2 + 8*i - 22. Let j(g) = -2*g**2 - 4*g + 11. Let q(r) = -5*j(r) - 2*t(r). Let p be q(-7). Let s = 108 - p. List the prime factors of s.
7
Suppose 3*u = 30*u - 81. Suppose -3*l - 1616 = -u*x - 683, 4*x = 3*l + 1242. What are the prime factors of x?
3, 103
Suppose 5*u - 5427 = 2*u + 3*z, 20 = -5*z. Let m = 2661 - u. List the prime factors of m.
2, 107
Let y be (-2)/(-4) + 3/(-2) + 0. List the prime factors of (-34)/1*(-11 - y).
2, 5, 17
Let i(r) = r**3 - 19*r**2 + 5*r + 23. Let a = 162 - 40. Suppose -46 = 4*m - a. List the prime factors of i(m).
2, 59
Let d(j) be the third derivative of j**4/2 - j**3/2 + 16*j**2. Let a = -5 - -13. What are the prime factors of d(a)?
3, 31
Suppose 20*h + 36 = 23*h. Suppose 0*p = p + q + 3, -3*p - 4*q = h. Suppose 4*l - l - 237 = p. List the prime factors of l.
79
Let o be 172/387 - (-32)/9. Let j(p) = 346*p + 29. What are the prime factors of j(o)?
3, 157
Let m(x) = x - 1. Let n(w) = 61*w - 16. Let y(b) = 5*m(b) + n(b). Let s(z) = -22*z + 7. Let a(j) = 7*s(j) + 2*y(j). What are the prime factors of a(-1)?
29
Let a(w) be the second derivative of w**3/3 - 9*w**2/2 + 7*w. Let h be a(6). Suppose 0 = n + h*b - 53, 6 = -3*b - 3. What are the prime factors of n?
2, 31
Suppose -2*c + 184 = 182. What are the prime factors of (0 - -4) + (730*1)/c?
2, 367
Let u(f) = -5*f - 4. Let w = -38 - -42. Let b be w/6*-3 + -2. What are the prime factors of u(b)?
2
Suppose 22*b = 3*h + 26*b - 321, 2*h = 2*b + 214. List the prime factors of h.
107
List the prime factors of (8 + (-2052)/90)*1*-290.
2, 29, 37
Let a(v) = -v + 10. Let l be (-6*12/32)/((-6)/32). Let w be a(l). What are the prime factors of -1 - (-1 + (w - -86))/(-1)?
2, 41
Suppose -6*k + 5*s = -3*k, -s - 22 = -5*k. Suppose k*r - 4 - 51 = 0. Suppose -r*o = -116 - 962. List the prime factors of o.
2, 7
Suppose 4*b = 6*b - 5*r - 14395, 4*b - 5*r - 28815 = 0. What are the prime factors of b?
2, 5, 7, 103
Let m = 8 + -5. Let g(a) = 180*a**2 + 49*a + 103. Let x be g(-2). Suppose 3*t = m*o - 435, -2*t - x = -4*o - o. List the prime factors of o.
5, 29
Suppose -10722 = -212*c + 218*c. Let m = -750 - c. What are the prime factors of m?
17, 61
Suppose -4*c = -3*y + 25, 5*c = 5*y - 40 + 15. List the prime factors of (-1)/((c - -7) + (-2450)/(-817)).
19, 43
Let l(i) be the third derivative of i**5/60 + 11*i**4/8 + 13*i**3/3 + 19*i**2. Let c be l(-13). Let b = c + 416. List the prime factors of b.
2, 7, 13
Suppose -2 - 10 = -4*k. Let x be (k - 21/6)/((-1)/(-2)). What are the prime factors of (-1 - -39)*(2 + x)?
2, 19
Let p(h) = -48*h**3 - 29*h**2 - 25*h - 2. List the prime factors of p(-6).
2, 37
Let r(a) be the first derivative of a**3/3 - 6*a**2 - 47*a + 7. Let n be r(15). Let b(c) = -18*c**3 + 3*c**2 + 1. What are the prime factors of b(n)?
157
Let d = 553 - -7825. List the prime factors of d.
2, 59, 71
Let m = 29021 + -19396. What are the prime factors of m?
5, 7, 11
Suppose 0 = -7*s + 2 + 19. Suppose -5*a + s = -12. Suppose 226 - 583 = -a*m. List the prime factors of m.
7, 17
Suppose 4*t - 828 = -4*n, -11*t + 13*t = -3*n + 627. List the prime factors of n.
3, 71
Let m be ((-8)/(-24))/((-35)/18 + 2). Let c(p) = 12*p + 63. What are the prime factors of c(m)?
3, 5
Suppose -85*p + 7602 = 2*t - 89*p, -2*t + 6*p + 7606 = 0. What are the prime factors of t?
3797
Let t(n) = 210*n**2 + 3*n + 15. Let v be t(5). Suppose -44*x + 52*x - v = 0. What are the prime factors of x?
2, 3, 5, 11
Let v(i) = 11*i**3 + 17*i**2 - 69*i + 41. List the prime factors of v(3).
2, 71
Let n(c) = -1. Let d(p) = -p + 1. Let a(z) = d(z) - 6*n(z). Let w be a(7). Suppose -j + 3*j + y = 101, w = -3*j + 2*y + 141. List the prime factors of j.
7
Suppose 15*j - 274316 = -2*j + 27842. What are the prime factors of j?
2, 8887
Let s(o) = o**2 + 3*o - 25. Let n be s(4). Suppose -4*m = -6*x + x + 12, -3*x = m + n. Suppose -b + x*b - 4*v = -98, -v = 3. What are the prime factors of b?
2, 5, 11
Let z(k) = -8*k**3 - 2*k**2 + 5*k - 7. Let q be (-33)/(-7) + 34/119. Suppose 2*u + 2 = -2, 0 = -p + q*u + 7. What are the prime factors of z(p)?
2, 11
Suppose -4*a = 3*l - 4396, -315*l = -310*l + 4*a - 7316. List the prime factors of l.
2, 5, 73
Suppose -4*y = y - o + 7, 0 = 3*y - o + 3. Let w be 1/(3 + 5/y). Suppose 5*h = w*h + 93. What are the prime factors of h?
31
Let b be (13652 - -3)/5 - 1. Suppose -5*q + b = -5*n, 4*q - 7*n = -4*n + 2184. What are the prime factors of q?
2, 3, 7, 13
Let q = 1003 - 609. Suppose -7*w + q - 128 = 0. List the prime factors of w.
2, 19
Suppose -5*q + q = 8. Let p be -2*((-2 - -2) + q). Suppose p*v - 10*v + 360 = 0. What are the prime factors of v?
2, 3, 5
Let o be ((-12)/(-8) - 1)*1462. Let t = -341 + o. What are the prime factors of t?
2, 3, 5, 13
Let h be (15/(-2))/(-3 + 65/22). What are the prime factors of (-220)/h*1230/(-4)?
2, 5, 41
Suppose 0 = -2*p + 2, 2*n - 2712 = n - 3*p. List the prime factors of 75/200 + n/8.
3, 113
Let g(i) = -3*i - 44 + 4*i**2 - 28 + 20 - 3*i**2. List the prime factors of g(-16).
2, 3, 7
Let s = -351 - -222. List the prime factors of (-11395)/s*(0 + 6).
2, 5, 53
Let d = 2978 + -2009. Let j = d + -303. What are the prime factors of j?
2, 3, 37
Suppose 3*b - 22460 = -w, -5*w + 3*b + 112440 = 212. What are the prime factors of w?
2, 23, 61
Let k = 118953 + -53231. What are the prime factors of k?
2, 17, 1933
Let h = 428 + -442. What are the prime factors of 54*((-91)/h - -4)?
3, 7
Let q(c) = -24*c - 1